 is the highest common divisor of 2079 and 54?
27
Calculate the greatest common divisor of 7453 and 319.
29
What is the greatest common divisor of 15204 and 399?
21
Calculate the highest common factor of 2270 and 12820960.
2270
Calculate the highest common factor of 86 and 280403.
43
What is the greatest common factor of 66 and 96492?
66
Calculate the highest common factor of 1841 and 34453.
263
Calculate the greatest common divisor of 4140 and 13570.
230
What is the greatest common factor of 89070 and 30?
30
What is the greatest common divisor of 189 and 388017?
189
Calculate the greatest common factor of 594 and 144320.
22
What is the greatest common divisor of 320208 and 84?
84
Calculate the greatest common divisor of 532 and 1140.
76
Calculate the highest common factor of 42 and 2514.
6
What is the greatest common factor of 237960 and 2880?
360
What is the greatest common divisor of 3180 and 1200185?
265
Calculate the greatest common factor of 32 and 7976.
8
What is the greatest common divisor of 12 and 16588?
4
Calculate the highest common divisor of 684693 and 642.
321
Calculate the highest common divisor of 187 and 3300.
11
Calculate the highest common factor of 6751 and 30444.
43
What is the highest common divisor of 1941196 and 68?
68
What is the greatest common divisor of 12924 and 6192?
36
What is the highest common divisor of 4018 and 25994?
82
What is the highest common divisor of 196740 and 72?
36
Calculate the greatest common divisor of 12 and 11292.
12
Calculate the greatest common divisor of 971361 and 74.
37
Calculate the highest common factor of 432 and 110256.
48
What is the greatest common divisor of 8 and 6648?
8
Calculate the highest common divisor of 432 and 67968.
144
What is the highest common factor of 446 and 14?
2
Calculate the highest common divisor of 22 and 482141.
11
Calculate the greatest common divisor of 118752 and 16.
16
What is the greatest common factor of 62893 and 109?
109
Calculate the highest common factor of 378 and 2130.
6
What is the highest common divisor of 2346 and 1401666?
138
What is the greatest common factor of 289 and 204?
17
Calculate the greatest common factor of 35061 and 78.
39
Calculate the greatest common divisor of 169368 and 18.
6
Calculate the highest common divisor of 12843 and 144.
9
What is the greatest common divisor of 3786816 and 33?
33
What is the highest common factor of 159632 and 368?
16
What is the greatest common factor of 10257 and 195?
39
Calculate the greatest common divisor of 10619 and 925.
37
Calculate the highest common factor of 4455913 and 33.
11
What is the greatest common factor of 121 and 10901?
11
Calculate the highest common divisor of 188034 and 9842.
518
What is the greatest common divisor of 5425 and 1519?
217
Calculate the greatest common divisor of 43 and 2565896.
43
What is the highest common factor of 66 and 5071?
11
What is the highest common factor of 1403350 and 1300?
650
Calculate the greatest common factor of 270 and 15039.
27
Calculate the highest common divisor of 8390 and 160.
10
What is the greatest common divisor of 129 and 16140351?
129
What is the highest common divisor of 161 and 5413625?
161
What is the greatest common divisor of 480075 and 425?
25
What is the highest common factor of 13 and 1813448?
13
What is the highest common divisor of 107763 and 51?
51
Calculate the highest common factor of 434 and 4804597.
217
What is the greatest common factor of 284 and 127587?
71
Calculate the greatest common divisor of 6495 and 135.
15
What is the highest common factor of 824 and 25441?
103
Calculate the highest common factor of 816 and 103152.
48
What is the highest common factor of 35 and 67255?
5
What is the highest common divisor of 2406 and 31?
1
What is the greatest common factor of 28 and 156916?
4
Calculate the highest common divisor of 164 and 92332.
164
What is the highest common divisor of 31455 and 135?
135
Calculate the highest common factor of 7878 and 38259.
39
Calculate the greatest common factor of 264 and 23738.
22
Calculate the greatest common factor of 17 and 288677.
17
Calculate the highest common divisor of 786 and 475268.
262
Calculate the greatest common divisor of 68 and 344522.
34
What is the highest common divisor of 230 and 10490?
10
What is the highest common factor of 64 and 29216?
32
Calculate the highest common divisor of 1927942 and 11170.
2234
Calculate the highest common divisor of 3 and 249.
3
What is the highest common factor of 6204 and 799?
47
Calculate the highest common factor of 92174 and 187.
17
Calculate the greatest common factor of 3296 and 33372.
412
Calculate the highest common factor of 272 and 9136.
16
What is the highest common divisor of 234 and 8474778?
234
Calculate the greatest common factor of 687552 and 1032.
24
Calculate the highest common factor of 1 and 887.
1
What is the greatest common divisor of 96 and 263892?
12
What is the highest common factor of 6109 and 3427?
149
What is the highest common divisor of 77 and 1408?
11
What is the highest common factor of 18 and 633429?
9
What is the greatest common divisor of 22 and 11708466?
22
What is the greatest common factor of 7192 and 34472?
248
Calculate the highest common divisor of 4913 and 534361.
289
What is the highest common divisor of 239127 and 1416?
177
Calculate the greatest common factor of 16468 and 231268.
716
Calculate the highest common divisor of 11 and 265243.
11
Calculate the greatest common factor of 76330 and 4.
2
What is the highest common factor of 49035 and 650064?
1401
What is the greatest common factor of 1017033 and 611?
47
Calculate the greatest common factor of 134897 and 168.
7
Calculate the greatest common divisor of 120 and 13092.
12
What is the highest common divisor of 40 and 328?
8
What is the highest common factor of 2 and 37894?
2
Calculate the highest common factor of 1381572 and 126.
18
Calculate the greatest common divisor of 117 and 132808.
13
What is the highest common divisor of 8943 and 116292?
33
Calculate the greatest common divisor of 158 and 3667022.
158
Calculate the greatest common divisor of 17550 and 36.
18
What is the highest common factor of 99 and 3609?
9
Calculate the highest common factor of 8234920 and 60.
20
What is the greatest common divisor of 28072 and 25784?
88
Calculate the greatest common divisor of 34 and 2048687.
17
Calculate the greatest common divisor of 34349 and 35.
7
What is the greatest common divisor of 399475 and 76?
19
What is the highest common factor of 455 and 70?
35
Calculate the greatest common divisor of 744320 and 1920.
640
Calculate the greatest common factor of 775 and 53165.
155
Calculate the greatest common factor of 62899 and 31.
31
Calculate the highest common divisor of 23975 and 210.
35
Calculate the greatest common divisor of 122 and 74.
2
What is the highest common factor of 42 and 3534951?
21
Calculate the highest common divisor of 96 and 39.
3
Calculate the greatest common divisor of 6112 and 32.
32
Calculate the highest common factor of 240 and 153240.
120
Calculate the greatest common divisor of 1555 and 176959.
311
What is the greatest common divisor of 88500 and 2478?
354
Calculate the greatest common divisor of 868 and 15914780.
868
What is the highest common divisor of 342 and 66654?
18
Calculate the greatest common factor of 21 and 21390.
3
Calculate the highest common divisor of 602 and 155789.
43
Calculate the highest common factor of 201 and 28207.
67
What is the greatest common factor of 210 and 110355?
105
What is the highest common factor of 71 and 5857?
1
Calculate the greatest common divisor of 306740 and 7700.
140
What is the greatest common factor of 3024 and 8928?
144
Calculate the greatest common factor of 2373 and 4179.
21
What is the greatest common factor of 8657396 and 82?
82
Calculate the greatest common factor of 328 and 452.
4
What is the greatest common divisor of 183585 and 15?
15
What is the greatest common divisor of 314226 and 46?
46
Calculate the greatest common divisor of 58 and 50.
2
What is the highest common divisor of 2307010 and 10?
10
Calculate the greatest common factor of 31338 and 666.
18
What is the greatest common divisor of 5211118 and 22?
22
Calculate the greatest common factor of 155771 and 